7, 21383
List the prime factors of 68916.
2, 3, 5743
What are the prime factors of 365488?
2, 53, 431
What are the prime factors of 1636735?
5, 327347
What are the prime factors of 167123?
11, 15193
List the prime factors of 158899.
13, 17, 719
What are the prime factors of 24714370?
2, 5, 2471437
What are the prime factors of 3176871?
3, 47, 22531
What are the prime factors of 537873?
3, 7, 3659
List the prime factors of 188459.
188459
List the prime factors of 1806908.
2, 557, 811
What are the prime factors of 619340?
2, 5, 173, 179
List the prime factors of 579545.
5, 31, 3739
List the prime factors of 1383927.
3, 461309
List the prime factors of 183572.
2, 45893
List the prime factors of 261327.
3, 11, 7919
List the prime factors of 340319.
7, 61, 797
What are the prime factors of 610573?
157, 3889
What are the prime factors of 7271913?
3, 11, 220361
What are the prime factors of 1465749?
3, 54287
List the prime factors of 3781782.
2, 3, 59, 1187
What are the prime factors of 6718634?
2, 13, 79, 3271
List the prime factors of 1711258.
2, 41, 509
List the prime factors of 87645.
3, 5, 5843
What are the prime factors of 4215278?
2, 439, 4801
List the prime factors of 1984258.
2, 992129
List the prime factors of 117511.
117511
What are the prime factors of 167828?
2, 41957
What are the prime factors of 246223?
246223
List the prime factors of 799537.
677, 1181
What are the prime factors of 3291383?
3291383
List the prime factors of 75795.
3, 5, 31, 163
List the prime factors of 17376449.
89, 195241
What are the prime factors of 5086977?
3, 7, 29, 8353
What are the prime factors of 325923?
3, 13, 61, 137
What are the prime factors of 5797700?
2, 5, 57977
List the prime factors of 2885661.
3, 83, 3863
What are the prime factors of 2291213?
2291213
What are the prime factors of 2736839?
7, 23, 89, 191
What are the prime factors of 7134166?
2, 13, 21107
What are the prime factors of 1136320?
2, 5, 53, 67
What are the prime factors of 9660167?
11, 878197
What are the prime factors of 37495?
5, 7499
List the prime factors of 27241192.
2, 11, 309559
What are the prime factors of 1719654?
2, 3, 286609
What are the prime factors of 1062203?
1062203
What are the prime factors of 315982?
2, 157991
List the prime factors of 822413.
277, 2969
List the prime factors of 97528.
2, 73, 167
What are the prime factors of 87033?
3, 67, 433
What are the prime factors of 14883?
3, 11, 41
List the prime factors of 33318294.
2, 3, 619, 8971
List the prime factors of 89880.
2, 3, 5, 7, 107
What are the prime factors of 5831719?
23, 253553
List the prime factors of 3730990.
2, 5, 17, 1291
List the prime factors of 382243.
41, 9323
List the prime factors of 42013.
42013
List the prime factors of 426967.
29, 14723
What are the prime factors of 4025638?
2, 2012819
What are the prime factors of 717934?
2, 7, 19, 2699
What are the prime factors of 277719?
3, 13, 7121
List the prime factors of 750321.
3, 11, 13, 53
What are the prime factors of 19937?
19937
List the prime factors of 23006093.
11, 19, 10007
What are the prime factors of 7626718?
2, 11, 346669
What are the prime factors of 11368236?
2, 3, 11, 71, 1213
List the prime factors of 1100234.
2, 550117
List the prime factors of 2476848.
2, 3, 11, 4691
List the prime factors of 41069.
7, 5867
List the prime factors of 5978599.
11, 543509
List the prime factors of 401461.
593, 677
What are the prime factors of 1002651?
3, 13, 47, 547
What are the prime factors of 6292351?
13, 484027
What are the prime factors of 1099588?
2, 7, 173, 227
List the prime factors of 619848.
2, 3, 8609
List the prime factors of 269987.
269987
What are the prime factors of 17460419?
17460419
List the prime factors of 380221.
523, 727
List the prime factors of 2343294.
2, 3, 130183
List the prime factors of 5678941.
5678941
List the prime factors of 50161.
103, 487
What are the prime factors of 2125585?
5, 7, 11, 5521
List the prime factors of 145358.
2, 72679
List the prime factors of 215162.
2, 107581
What are the prime factors of 168213?
3, 47, 1193
List the prime factors of 960659.
7, 19, 31, 233
List the prime factors of 2115578.
2, 379, 2791
What are the prime factors of 2269053?
3, 109, 257
What are the prime factors of 1122514?
2, 101, 5557
List the prime factors of 1278494.
2, 7, 29, 47, 67
What are the prime factors of 7704583?
101, 76283
List the prime factors of 606000.
2, 3, 5, 101
List the prime factors of 259312.
2, 19, 853
What are the prime factors of 524550?
2, 3, 5, 13, 269
List the prime factors of 2066008.
2, 7, 79, 467
List the prime factors of 3867377.
43, 89939
List the prime factors of 1345264.
2, 83, 1013
What are the prime factors of 298713?
3, 99571
List the prime factors of 79555.
5, 7, 2273
What are the prime factors of 3730022?
2, 1865011
List the prime factors of 5177790.
2, 3, 5, 127, 151
What are the prime factors of 3959354?
2, 7, 43, 6577
What are the prime factors of 423539?
37, 11447
List the prime factors of 148510.
2, 5, 14851
What are the prime factors of 6049?
23, 263
List the prime factors of 392496.
2, 3, 13, 17, 37
List the prime factors of 388876.
2, 191, 509
What are the prime factors of 5690289?
3, 11, 172433
What are the prime factors of 4683481?
11, 19, 22409
List the prime factors of 2457684.
2, 3, 233, 293
What are the prime factors of 23042392?
2, 2880299
What are the prime factors of 2288341?
11, 19, 10949
What are the prime factors of 1922810?
2, 5, 59, 3259
List the prime factors of 5247841.
23, 83, 2749
What are the prime factors of 4573598?
2, 2286799
List the prime factors of 8305942.
2, 4152971
What are the prime factors of 29236?
2, 7309
List the prime factors of 1121243.
751, 1493
What are the prime factors of 1028762?
2, 7, 73483
List the prime factors of 3767048.
2, 470881
What are the prime factors of 248766?
2, 3, 7, 5923
List the prime factors of 192763.
17, 23, 29
List the prime factors of 9516570.
2, 3, 5, 7, 45317
What are the prime factors of 29383576?
2, 19, 79, 2447
List the prime factors of 29068.
2, 13, 43
List the prime factors of 1068609.
3, 107, 3329
List the prime factors of 4300625.
5, 7, 983
List the prime factors of 126753.
3, 11, 23, 167
List the prime factors of 12044741.
12044741
What are the prime factors of 224673?
3, 74891
What are the prime factors of 394885?
5, 78977
List the prime factors of 250110.
2, 3, 5, 7, 397
List the prime factors of 10803792.
2, 3, 225079
What are the prime factors of 6321945?
3, 5, 7, 60209
What are the prime factors of 1363436?
2, 340859
What are the prime factors of 652513?
67, 9739
List the prime factors of 1038172.
2, 461, 563
List the prime factors of 5304851.
5304851
What are the prime factors of 228878?
2, 13, 8803
List the prime factors of 324320.
2, 5, 2027
What are the prime factors of 2656318?
2, 7, 17, 11161
List the prime factors of 122765.
5, 43, 571
List the prime factors of 1196061.
3, 421, 947
List the prime factors of 380419.
13, 2251
What are the prime factors of 755713?
7, 47, 2297
What are the prime factors of 25746?
2, 3, 7, 613
List the prime factors of 10544018.
2, 5272009
What are the prime factors of 765349?
13, 113, 521
What are the prime factors of 1916728?
2, 11, 23, 947
What are the prime factors of 3293?
37, 89
What are the prime factors of 702986?
2, 41, 8573
List the prime factors of 143991.
3, 5333
What are the prime factors of 22025648?
2, 1376603
List the prime factors of 11732483.
7, 1676069
List the prime factors of 1794948.
2, 3, 149579
What are the prime factors of 159712?
2, 7, 23, 31
What are the prime factors of 812681?
812681
What are the prime factors of 6431155?
5, 37, 34763
What are the prime factors of 280557?
3, 10391
What are the prime factors of 6845298?
2, 3, 59, 61, 317
List the prime factors of 7861926.
2, 3, 83, 15787
List the prime factors of 2465035.
5, 109, 4523
What are the prime factors of 979040?
2, 5, 29, 211
List the prime factors of 225191.
43, 5237
What are the prime factors of 2773821?
3, 29, 31883
List the prime factors of 465984.
2, 3, 809
List the prime factors of 1006874.
2, 11, 45767
List the prime factors of 1422337.
7, 61, 3331
What are the prime factors of 3703849?
31, 163, 733
List the prime factors of 22461423.
3, 227, 32983
List the prime factors 